251
Let c be 19 - (8 - (4 + 5 + -5)). Suppose -5*l + c*q = 19*q - 2138, -848 = -2*l - 4*q. List the prime factors of l.
2, 5, 43
Suppose -m + 245 = -3*n, 2*n + 401 = -3*n - 2*m. Let k = n - -299. List the prime factors of k.
2, 109
Let h = 21 + -15. Suppose 4*b - 4*n = 16, -5*n - h - 2 = b. Suppose b*o - 49 = -3*p - 2*o, -2*p + 56 = -2*o. List the prime factors of p.
23
Suppose -244*a + 265*a = 180096. List the prime factors of a.
2, 67
Let k = 1 - 31. Let d = k - -60. List the prime factors of 252/d + 8/(-20).
2
Let k be 14/(-21)*(-1 + -2). Suppose 0 = -2*w - 3*q - k, w = 2*q - 3*q. Suppose -w*i - 5*y = -3*i + 32, 3*y + 128 = 4*i. List the prime factors of i.
2
Suppose 4*c + 4 = 0, 0 = 4*h + 5*c + 27571 - 221246. What are the prime factors of h?
2, 3, 5, 269
What are the prime factors of (5028/7)/((-248)/(-2604))?
2, 3, 419
What are the prime factors of 19979 - (25 + -17)*(2 - 1)?
3, 7, 317
Let r(f) = -25*f - 2. Let x be r(-3). Suppose 30*b = -24*b + 12*b. Suppose -11*m + 10*m + x = b. List the prime factors of m.
73
Let l(z) be the second derivative of 11/12*z**4 + 13/2*z**2 - 2*z**3 - 14*z + 0 - 1/20*z**5. What are the prime factors of l(9)?
67
Let x = 803 + -286. Let l = 478 + x. List the prime factors of l.
5, 199
Let w = -49 - -59. Let g be 12/w*(7 - 2). Suppose g*j = 3*j + 156. What are the prime factors of j?
2, 13
Suppose 6*m - 126 = 4*m. Let p = m - 61. Suppose -32 + 490 = p*x. What are the prime factors of x?
229
Let f(l) be the third derivative of -l**6/120 - 13*l**5/60 - l**4/12 - 17*l**3/2 + 17*l**2 + l. List the prime factors of f(-14).
173
Let p = 3255 + 3520. List the prime factors of p.
5, 271
Let r = -349 + 358. List the prime factors of (29565/18)/r + (-2)/(-4).
3, 61
Let w(x) = 2*x**2 + 140*x + 454. List the prime factors of w(-77).
2, 383
Let h(u) = 3*u**2 - 19*u - 7. Let j be (-5)/(-1) - (10 + -21). What are the prime factors of h(j)?
457
Let a be (-744)/(-16) + (-5)/(-2). Suppose 0 = -4*h + k + a, 0 = -2*h - 0*h - 5*k - 3. Suppose 6*f + 75 = h*f. What are the prime factors of f?
3, 5
Let h = 396 + -390. What are the prime factors of (-10004)/(-18) - h/(-27)?
2, 139
Let w(h) = -2071*h**3 + 3*h**2 + 102*h + 192. List the prime factors of w(-2).
2, 19, 109
Let g = 28471 - 8290. What are the prime factors of g?
3, 7, 31
Suppose -32 = -19*v + 63. What are the prime factors of (-2306)/(-12) + v/(-30)?
2, 3
Let k be (1 + -17)*26/(-104). Suppose -3*x - 3*v = -2808, 3789 = k*x - 13*v + 8*v. What are the prime factors of x?
941
Suppose 1948727 + 355201 = 33*h. What are the prime factors of h?
2, 3, 2909
Let k(b) = -63*b - 50. Suppose 5*f - 3*o = -25, -5 = 3*f - 2*f - 5*o. List the prime factors of k(f).
5, 53
What are the prime factors of ((-71)/(-71))/((-3)/(-12867))?
4289
Let p(f) = -f**2 + 5*f + 5. Let w be p(5). Suppose 3*m = -9, w*x - m = -5*m + 2433. What are the prime factors of x?
3, 163
Suppose -c - c = -8. What are the prime factors of c + 555/5 + 2?
3, 13
Let g = 27 + -38. Let r = g + 22. Suppose -6*c + r*c = 610. What are the prime factors of c?
2, 61
Suppose -4*v = 2*m - 28, -3*m = -5*v - 5*m + 33. Suppose 21 = v*g + 11. Suppose 4*w = -b + 249, -5*b - g*w + 251 = -4*b. What are the prime factors of b?
11, 23
Suppose -2971 = 4*b - 5*r - 7555, 3*r = -4*b + 4616. What are the prime factors of b*(8 + (-42)/6)?
1151
Let p = 23 + -21. Let l(q) = 35 + q**p + q + 0*q + 45 - 18 - q**3. What are the prime factors of l(0)?
2, 31
Let r be (18/(-21))/(-4*8/112). Suppose -r*q + 22120 = 11*q. What are the prime factors of q?
2, 5, 79
Suppose -35577 = -g - 2*x, 5808 - 148098 = -4*g - 5*x. List the prime factors of g.
3, 5, 2371
Let j(q) = -72*q + 667. List the prime factors of j(-77).
6211
Let v = -944 + 4051. List the prime factors of v.
13, 239
Suppose 736 = 9*i - i. Suppose 5*l - 373 - i = -u, 0 = -l + u + 99. List the prime factors of l.
2, 47
Suppose -10 = -5*z - 4*d - 87, 5*z + d = -68. Let i(p) = -3*p - 1. Let v(r) = 8*r - 8. Let n(o) = 6*i(o) + 2*v(o). What are the prime factors of n(z)?
2
Let b(i) = 26*i + 2. Let d be b(3). Let u be 42/8 + (-20)/d. Suppose 3*y - 763 = u*v, 11*v = -y + 8*v + 273. List the prime factors of y.
3, 29
Let x(k) = -600*k. List the prime factors of x(-20).
2, 3, 5
Suppose -2*x + 2*c + 16 = 0, -2*x - 5*c + 6*c = -16. What are the prime factors of 1/(x/32 + (-81)/332)?
2, 83
Let f be 4/(-6 - 18) - (-830)/12. Suppose -13222 = f*l - 80*l. What are the prime factors of l?
2, 601
What are the prime factors of (-22)/44*43318/(-1) - 6?
59, 367
Let o(z) = -363*z**3 + 2*z**2 + 37*z + 228. List the prime factors of o(-5).
2, 3, 421
Suppose 16*i - 18*i + 852 = 0. Let o = 152 - 161. What are the prime factors of 3 - i/4*12/o?
5, 29
Let y(u) = -3421*u - 46. What are the prime factors of y(-1)?
3, 5
Suppose 4*s - 3 = 21. Suppose 4*z - 44 = 2*f, -2*f = -3*z + s + 27. List the prime factors of 8/(-44) + 354/z.
2
Suppose 0 = -54*l + 21*l + 99. Let s be 4/6 - 535/(-3). Suppose -l*d + s = -91. List the prime factors of d.
2, 3, 5
Let z(b) = -b**3 - 10*b**2 - 10*b - 9. Let t be z(-9). Suppose t = 4*d - 469 + 2613. Let j = -380 - d. List the prime factors of j.
2, 3, 13
Let x = 158189 - 108387. List the prime factors of x.
2, 37, 673
Suppose a = t - 2077, -5*a - 4157 = t - 3*t. What are the prime factors of t?
2, 3, 173
Suppose -r - 2 = 0, r - 686 = -k + 126. Let u = 852 + k. What are the prime factors of u?
2, 7, 17
Let l(o) be the third derivative of o**5/6 + o**4/24 + 2*o**3/3 - 41*o**2. List the prime factors of l(3).
97
Suppose 3*w - 11 = -5. Let i be (-1 - -1)*(w - (-14)/(-6)). List the prime factors of 0 - i - (-880)/5.
2, 11
Suppose -7*g - 8*g + 33345 = -12*g. What are the prime factors of g?
3, 5, 13, 19
Suppose 920 - 6212 = 6*d. Let i = 1312 + d. What are the prime factors of i?
2, 5, 43
Suppose 33*l = 32*l + 35*l - 1272246. List the prime factors of l.
3, 12473
Let k be (-1 + 39)*(-2 + (-5)/(-10)). Let w be 11/(-3) + 2/3. Let x = w - k. List the prime factors of x.
2, 3
List the prime factors of (-42706)/(-12) + 1 + 235/1410.
2, 5, 89
Let m = -2 + 6729. List the prime factors of m.
7, 31
Suppose -4*y + 2*o + 70 = 0, 13*y - 5 = 14*y + 4*o. Suppose a = -5*g + 3044, 13*g - a + 1217 = y*g. List the prime factors of g.
3, 7, 29
Suppose 5*j - 134925 = 5*c, -24*c + 20*c + 16 = 0. What are the prime factors of j?
137, 197
Let w be (88/16)/((-1)/(2*12)). Let t be 24/w + (1 - (-310)/11). Suppose 5*d - t - 136 = 0. List the prime factors of d.
3, 11
Let r(y) = -6*y**3 - 7*y**2 + 6*y - 30. Let d be r(-6). Let b = d + -348. What are the prime factors of b?
2, 3, 5, 7
Suppose 8072 = -8*m + 20960. Let x = m - 757. What are the prime factors of x?
2, 7, 61
Let s be 5*-3*(-3)/9. Suppose 1349 = 3*o - s*c - 662, -4*o + 2716 = 2*c. What are the prime factors of o?
677
Suppose 7*u - 5*u = 10, -4*u + 5 = -5*o. Suppose -o*y + t + 534 = -2*t, -4*t + 198 = y. List the prime factors of y.
2, 7, 13
Suppose -12*j - 14 = -19*j. Suppose 3*h + 34 = o + 806, -248 = -h - j*o. List the prime factors of h.
2
Let c = -85 - -82. List the prime factors of (-30)/24*-190 - c/6.
2, 7, 17
Let g be 482/(-8) + ((-10)/(-8) - 1). Let h = 65 - g. What are the prime factors of h?
5
Suppose -2*d = -4*d + 8. Let b be 17*(d/(-10) - (-96)/15). Let u = b + -59. What are the prime factors of u?
43
Suppose -3*w + w - 6 = -b, -5*b + 2*w + 6 = 0. Suppose 8*r = -b*r + 72. Suppose r*h = 2*h + 686. List the prime factors of h.
2, 7
Let f(p) = p**3 + 7*p**2 - 5*p - 10. Let o be f(-8). Let g(q) = -q**2 + 48*q - 182. Let h be g(6). Let d = o + h. List the prime factors of d.
2, 3
Let v be -1*89*2/(-2). Suppose 0 = -30*d - 3*d + 1353. Let t = v + d. What are the prime factors of t?
2, 5, 13
Let x be 14 + -5 + (-27)/3. Suppose -6*d + 15 = -d - 5*f, -4*d + 5*f + 11 = 0. Suppose 0*a = 4*a + 16, x = -m - d*a + 24. What are the prime factors of m?
2, 5
Suppose -18*f + 807312 = 15*f. List the prime factors of f.
2, 11, 139
Suppose -o - j = 4*j - 2455, 4*j - 12338 = -5*o. Suppose o = -w + 20*w. List the prime factors of w.
2, 5, 13
Suppose -9 = -3*s, c - 5*s + 7 = -10. Let n be (-2*1)/(c - 560/(-284)). What are the prime factors of 1 + n - 5/5?
71
Let w = 26662 + -13359. What are the prime factors of w?
53, 251
Suppose -11*c + 2*c + 54 = 0. Let r be (c/(-8))/(31/620). What 